{"id":355,"date":"2012-01-25T11:26:11","date_gmt":"2012-01-25T10:26:11","guid":{"rendered":"http:\/\/www.culturapopolare.it\/?page_id=355"},"modified":"2016-12-24T16:20:06","modified_gmt":"2016-12-24T15:20:06","slug":"attivita-e-proposte","status":"publish","type":"page","link":"https:\/\/www.culturapopolare.it\/index.php\/attivita-e-proposte","title":{"rendered":"Attivit\u00e0 e proposte"},"content":{"rendered":"<h2>Cosa proponiamo:<\/h2>\n<h2>Per le scuole<\/h2>\n<h2><a href=\"http:\/\/www.culturapopolare.it\/?attachment_id=407\"><img loading=\"lazy\" decoding=\"async\" class=\" wp-image-407 alignleft\" title=\"Pieve di San Mamante, Lizzano in Belvedere, esempio di neogotico dello Studio Gualandi\" src=\"http:\/\/www.culturapopolare.it\/wp-content\/uploads\/2012\/01\/Pieve-di-San-Mamante-Lizzano-in-Belvedere-esempio-di-neogotico-dello-Studio-Gualandi-195x300.jpg\" alt=\"\" width=\"158\" height=\"243\" srcset=\"https:\/\/www.culturapopolare.it\/wp-content\/uploads\/2012\/01\/Pieve-di-San-Mamante-Lizzano-in-Belvedere-esempio-di-neogotico-dello-Studio-Gualandi-195x300.jpg 195w, https:\/\/www.culturapopolare.it\/wp-content\/uploads\/2012\/01\/Pieve-di-San-Mamante-Lizzano-in-Belvedere-esempio-di-neogotico-dello-Studio-Gualandi.jpg 661w\" sizes=\"auto, (max-width: 158px) 100vw, 158px\" \/><\/a><\/h2>\n<p>Il <em>CSCP<\/em> si rivolge a insegnanti ed allievi delle scuole di ogni ordine e grado.<br \/>\nDalla sua costituzione collabora con <em>Diesse<\/em> a Bologna, e in altre citt\u00e0 con gli <em>Uffici delle Curie per la Scuola e l\u2019Insegnamento della Religione Cattolica<\/em>: sia attraverso la progettazione e organizzazione di corsi di formazione per i docenti, allo scopo di offrire loro strumenti e metodologie per l\u2019affronto dei temi di sua competenza; sia direttamente con lezioni frontali e sul campo rivolte agli allievi sugli stessi temi. Per le scuole di ogni ordine e grado il <em>CSCP<\/em> organizza in proprio e su richiesta corsi &#8211; annuali e\/o pluriennali &#8211; per insegnanti, e offre interventi nelle classi, lezioni, visite guidate e viaggi di diversa lunghezza alla scoperta delle tradizioni e dell&#8217;arte.<\/p>\n<h2>Viaggi<\/h2>\n<p>Il <em>Centro Studi<\/em> organizza viaggi di uno o pi\u00f9 giorni alla scoperta delle nostre radici cristiane attraverso le bellezze dell\u2019arte e le tradizioni dei popoli.<\/p>\n<h2>Corso di arte sacra<\/h2>\n<p>Dal 1999 il <em>Centro Studi<\/em> organizza un corso di Arte Sacra denominato <em><a>Il Pozzo di Isacco<\/a><\/em>.<br \/>\nIl corso \u00e8 oggi al terzo anno della sua quarta edizione, e tratta organicamente il tema dell\u2019arte cristiana, dalle origini ai nostri giorni, sottolineando il nesso tra l\u2019arte, il culto e l\u2019espressione della fede.<br \/>\nIl corso \u00e8 stato ripetuto a Forl\u00ec, e pu\u00f2 essere proposto anche in altre citt\u00e0, secondo modalit\u00e0 da concordarsi.<\/p>\n<p><strong>Il Museo della Beata Vergine di San Luca<\/strong><\/p>\n<p>Nella citt\u00e0 di Bologna, <em>Fernando e Gioia Lanzi<\/em> dirigono il <em><a>Museo della Beata Vergine di San Luca<\/a><\/em>, presso il quale invitano tutti i cittadini, e in particolare le scuole, per conoscere la storia e le peculiarit\u00e0 della <em>Venerata Immagine<\/em> e della sua vicenda plurisecolare con la citt\u00e0.<br \/>\nPresso il <em>Museo<\/em>, il <em>CSCP<\/em> organizza regolarmente incontri, mostre e conferenze, ritenendo che:<\/p>\n<blockquote><p>un Museo debba essere soggetto vivo e incisivo sulla vita culturale della citt\u00e0.<\/p><\/blockquote>\n<p style=\"text-align: center;\"><a href=\"http:\/\/www.culturapopolare.it\/?attachment_id=408\"><img loading=\"lazy\" decoding=\"async\" class=\"aligncenter size-medium wp-image-408\" title=\"Santa Maria della Salute, Venezia\" src=\"http:\/\/www.culturapopolare.it\/wp-content\/uploads\/2012\/01\/Santa-Maria-della-Salute-Venezia-225x300.jpg\" alt=\"\" width=\"225\" height=\"300\" srcset=\"https:\/\/www.culturapopolare.it\/wp-content\/uploads\/2012\/01\/Santa-Maria-della-Salute-Venezia-225x300.jpg 225w, https:\/\/www.culturapopolare.it\/wp-content\/uploads\/2012\/01\/Santa-Maria-della-Salute-Venezia-768x1024.jpg 768w, https:\/\/www.culturapopolare.it\/wp-content\/uploads\/2012\/01\/Santa-Maria-della-Salute-Venezia.jpg 960w\" sizes=\"auto, (max-width: 225px) 100vw, 225px\" \/><\/a><\/p>\n","protected":false},"excerpt":{"rendered":"<p>Cosa proponiamo: Per le scuole Il CSCP si rivolge a insegnanti ed allievi delle scuole di ogni ordine e grado. Dalla sua costituzione collabora con Diesse a Bologna, e in altre citt\u00e0 con gli Uffici delle Curie per la Scuola e l\u2019Insegnamento della Religione Cattolica: sia attraverso la progettazione e organizzazione di corsi di formazione &hellip; <a href=\"https:\/\/www.culturapopolare.it\/index.php\/attivita-e-proposte\" class=\"more-link\">Continua a leggere <span class=\"screen-reader-text\">Attivit\u00e0 e proposte<\/span><\/a><\/p>\n","protected":false},"author":3,"featured_media":0,"parent":0,"menu_order":0,"comment_status":"closed","ping_status":"closed","template":"sidebar-page.php","meta":{"footnotes":""},"class_list":["post-355","page","type-page","status-publish","hentry"],"_links":{"self":[{"href":"https:\/\/www.culturapopolare.it\/index.php\/wp-json\/wp\/v2\/pages\/355","targetHints":{"allow":["GET"]}}],"collection":[{"href":"https:\/\/www.culturapopolare.it\/index.php\/wp-json\/wp\/v2\/pages"}],"about":[{"href":"https:\/\/www.culturapopolare.it\/index.php\/wp-json\/wp\/v2\/types\/page"}],"author":[{"embeddable":true,"href":"https:\/\/www.culturapopolare.it\/index.php\/wp-json\/wp\/v2\/users\/3"}],"replies":[{"embeddable":true,"href":"https:\/\/www.culturapopolare.it\/index.php\/wp-json\/wp\/v2\/comments?post=355"}],"version-history":[{"count":17,"href":"https:\/\/www.culturapopolare.it\/index.php\/wp-json\/wp\/v2\/pages\/355\/revisions"}],"predecessor-version":[{"id":1076,"href":"https:\/\/www.culturapopolare.it\/index.php\/wp-json\/wp\/v2\/pages\/355\/revisions\/1076"}],"wp:attachment":[{"href":"https:\/\/www.culturapopolare.it\/index.php\/wp-json\/wp\/v2\/media?parent=355"}],"curies":[{"name":"wp","href":"https:\/\/api.w.org\/{rel}","templated":true}]}}