{"id":59,"date":"2011-11-13T14:26:08","date_gmt":"2011-11-13T13:26:08","guid":{"rendered":"http:\/\/localhost\/culturapopolare\/?page_id=59"},"modified":"2015-12-13T12:04:27","modified_gmt":"2015-12-13T11:04:27","slug":"chi-siamo","status":"publish","type":"page","link":"https:\/\/www.culturapopolare.it\/index.php\/chi-siamo","title":{"rendered":"Chi siamo"},"content":{"rendered":"<p>Il <em>Centro Studi per la Cultura Popolare<\/em> \u00e8 un\u2019associazione culturale di studio e ricerca sulle espressioni del sacro.<br \/>\nCostituita nel 1986, da una solida azione di studio e presenza in Emilia Romagna, ha allargato le sue ricerche a livello europeo.<br \/>\nI suoi membri sono ricercatori attivi dagli anni &#8217;70, con esperienza di ricerca in<\/p>\n<p>associazioni esistenti da tempo e operanti a livello locale, quali <em>Il terzo occhio<\/em> a Bologna, <em>La Contrada<\/em> a Milano, <em>Majestas<\/em> a Modena.<\/p>\n<p style=\"text-align: justify;\"><strong><span style=\"color: #722d2e;\">Oggetto dell\u2019interesse del Centro Studi sono tutte le espressioni e manifestazioni del sacro e della fede cristiana, nelle loro varie espressioni figurative, architettoniche, musicali, rituali, letterarie, sociali.<\/span> <\/strong><\/p>\n<p><em>La sezione bolognese del Centro Studi \u00e8 condotta da Fernando Lanzi e Gioia Arzenton Lanzi.<\/em><\/p>\n<p>Fernando Lanzi (ingegnere) e Maria Grazia Arzenton Lanzi (dottore in lettere classiche, firma come Gioia Lanzi), coniugi, sono promotori del Centro Studi per la Cultura Popolare, un\u2019associazione culturale di studio e ricerca sulle espressioni del sacro, attiva dal 1976, che riunisce studiosi di diverse discipline \u00e8 inserita tra i centri culturali di studio e ricerca storica della Arcidiocesi di Bologna.<\/p>\n<p>Oggetto dell&#8217;interesse del Centro Studi sono tutte le espressioni del rapporto col sacro nella fede cristiana, nei loro vari aspetti figurativi, architettonici, urbanistici, musicali, rituali, letterari e sociali.<\/p>\n<p>Il Centro Studi si occupa di: arte sacra, iconologia e iconografia, immagini sacre esterne, santi, santuari, pellegrinaggi, e mete di pellegrinaggio, processioni, sacre rappresentazioni, presepi, tradizioni, feste, liturgia, canti religiosi non liturgici.<\/p>\n<p>Il Centro Studi comunica il risultato dei suoi studi tramite mostre, libri, audiovisivi, conferenze.<\/p>\n<p>Fernando Lanzi e Gioia Arzenton Lanzi hanno al loro attivo pi\u00f9 di venti mostre e pi\u00f9 di cinquanta pubblicazioni, alcune delle quali tradotte in Francia, Germania, Polonia, Messico, Lituania, Spagna, Slovacchia, U.S.A..<\/p>\n<p>Fernando e Gioia Lanzi hanno svolto lezioni presso la DAPT (Dipartimento Architettura e Pianificazione Territoriale) dell\u2019Universit\u00e0 di Bologna.<\/p>\n<p>Fernando Lanzi \u00e8 membro della Commissione Arte Sacra, della Commissione per la Liturgia e della Commissione Turismo e Pellegrinaggi dell&#8217;Arcidiocesi di Bologna, e direttore del Museo Comunale della Beata Vergine di San Luca.<\/p>\n<p>Gioia Lanzi \u00e8 stata docente di Arte Sacra presso lo Studio filosofico domenicano di Bologna, affiliato alla Pontificia Universit\u00e0 \u201cSan Tommaso d\u2019Aqui<\/p>\n<p>no\u201d in Roma; ha insegnato Piet\u00e0 popolare presso la S.T.A.B di Bologna, ha tenuto corsi di arte sacra e tradizioni popolari presso l\u2019Istituto Superiore di Scienze religiose di Bologna e presso il Seminario Arcivescovile, \u00e8 stata docente invitata per l&#8217;Arte Sacra alla F.T.E.R. (Facolt\u00e0 Teologica Emilia Romagna), ed \u00e8 vice direttore del Museo Comunale della Beata Vergine di San Luca.<\/p>\n<p>Collabora inoltre regolarmente con \u201cBologna 7\u201d, inserto settimanale di AVVENIRE, con i Bollettino del Santuario della Beata Vergine di San Luca, di cui fa parte della Redazione, e con altre testate.<\/p>\n<p><strong>Le attivit\u00e0 principali<\/strong><\/p>\n<p style=\"text-align: justify;\">Ci occupiamo dell\u2019arte sacra, della piet\u00e0 popolare, della cultura cristiana in tutte le sue espressioni, e quindi di: storia della chiesa, arte sacra e architettura (con particolare riferimento alle chiese e ai manufatti per il culto e la devozione), iconologia e iconografia, immagini sacre, santi, santuari, pellegrinaggi, e mete di pellegrinaggio, processioni, sacre rappresentazioni, presepi, tradizioni, feste, liturgia, canti religiosi.<\/p>\n<p style=\"text-align: justify;\">La nostra ricerca \u00e8 multidisciplinare e abbraccia aspetti storici, antropologici<\/p>\n<p style=\"text-align: justify;\">, sociologici, teologici, artistici.<br \/>\nI frutti delle ricerche sono fruibili attraverso libri, mostre fotografiche, CD, audiovisivi, concerti, conferenze, pubblicazioni, consulenze. Il ricchissimo archivio fotografico e la pluriennale esperienza nelle scuole consente di fornire adeguati strumenti per la conoscenza delle storia e delle tradizioni religiose e del contenuto della fede.<\/p>\n<p style=\"text-align: justify;\">In particolare <em>La Contrada<\/em> si occupa del settore musicale, e propone sia momenti di spettacolo sia momenti di avviamento alla ricerca.<\/p>\n<p>&nbsp;<\/p>\n<div id='gallery-1' class='gallery galleryid-59 gallery-columns-3 gallery-size-thumbnail'><figure class='gallery-item'>\n\t\t\t<div class='gallery-icon landscape'>\n\t\t\t\t<a href='https:\/\/www.culturapopolare.it\/wp-content\/uploads\/2011\/11\/036.jpg'><img loading=\"lazy\" decoding=\"async\" width=\"150\" height=\"150\" src=\"https:\/\/www.culturapopolare.it\/wp-content\/uploads\/2011\/11\/036-150x150.jpg\" class=\"attachment-thumbnail size-thumbnail\" alt=\"\" \/><\/a>\n\t\t\t<\/div><\/figure><figure class='gallery-item'>\n\t\t\t<div class='gallery-icon landscape'>\n\t\t\t\t<a href='https:\/\/www.culturapopolare.it\/wp-content\/uploads\/2011\/11\/opera.jpg'><img loading=\"lazy\" decoding=\"async\" width=\"150\" height=\"150\" src=\"https:\/\/www.culturapopolare.it\/wp-content\/uploads\/2011\/11\/opera-150x150.jpg\" class=\"attachment-thumbnail size-thumbnail\" alt=\"\" \/><\/a>\n\t\t\t<\/div><\/figure><figure class='gallery-item'>\n\t\t\t<div class='gallery-icon landscape'>\n\t\t\t\t<a href='https:\/\/www.culturapopolare.it\/wp-content\/uploads\/2011\/11\/a-correggio-giornata-di-studi.029-2.jpg'><img loading=\"lazy\" decoding=\"async\" width=\"150\" height=\"150\" src=\"https:\/\/www.culturapopolare.it\/wp-content\/uploads\/2011\/11\/a-correggio-giornata-di-studi.029-2-150x150.jpg\" class=\"attachment-thumbnail size-thumbnail\" alt=\"\" \/><\/a>\n\t\t\t<\/div><\/figure><figure class='gallery-item'>\n\t\t\t<div class='gallery-icon landscape'>\n\t\t\t\t<a href='https:\/\/www.culturapopolare.it\/wp-content\/uploads\/2011\/11\/028.jpg'><img loading=\"lazy\" decoding=\"async\" width=\"150\" height=\"150\" src=\"https:\/\/www.culturapopolare.it\/wp-content\/uploads\/2011\/11\/028-150x150.jpg\" class=\"attachment-thumbnail size-thumbnail\" alt=\"\" \/><\/a>\n\t\t\t<\/div><\/figure><figure class='gallery-item'>\n\t\t\t<div class='gallery-icon landscape'>\n\t\t\t\t<a href='https:\/\/www.culturapopolare.it\/wp-content\/uploads\/2011\/11\/037.jpg'><img loading=\"lazy\" decoding=\"async\" width=\"150\" height=\"150\" src=\"https:\/\/www.culturapopolare.it\/wp-content\/uploads\/2011\/11\/037-150x150.jpg\" class=\"attachment-thumbnail size-thumbnail\" alt=\"\" \/><\/a>\n\t\t\t<\/div><\/figure><figure class='gallery-item'>\n\t\t\t<div class='gallery-icon landscape'>\n\t\t\t\t<a href='https:\/\/www.culturapopolare.it\/wp-content\/uploads\/2011\/11\/035.jpg'><img loading=\"lazy\" decoding=\"async\" width=\"150\" height=\"150\" src=\"https:\/\/www.culturapopolare.it\/wp-content\/uploads\/2011\/11\/035-150x150.jpg\" class=\"attachment-thumbnail size-thumbnail\" alt=\"\" \/><\/a>\n\t\t\t<\/div><\/figure><figure class='gallery-item'>\n\t\t\t<div class='gallery-icon landscape'>\n\t\t\t\t<a href='https:\/\/www.culturapopolare.it\/wp-content\/uploads\/2011\/11\/003.jpg'><img loading=\"lazy\" decoding=\"async\" width=\"150\" height=\"150\" src=\"https:\/\/www.culturapopolare.it\/wp-content\/uploads\/2011\/11\/003-150x150.jpg\" class=\"attachment-thumbnail size-thumbnail\" alt=\"\" \/><\/a>\n\t\t\t<\/div><\/figure><figure class='gallery-item'>\n\t\t\t<div class='gallery-icon landscape'>\n\t\t\t\t<a href='https:\/\/www.culturapopolare.it\/wp-content\/uploads\/2011\/11\/033.jpg'><img loading=\"lazy\" decoding=\"async\" width=\"150\" height=\"150\" src=\"https:\/\/www.culturapopolare.it\/wp-content\/uploads\/2011\/11\/033-150x150.jpg\" class=\"attachment-thumbnail size-thumbnail\" alt=\"\" \/><\/a>\n\t\t\t<\/div><\/figure><figure class='gallery-item'>\n\t\t\t<div class='gallery-icon landscape'>\n\t\t\t\t<a href='https:\/\/www.culturapopolare.it\/wp-content\/uploads\/2011\/11\/031.jpg'><img loading=\"lazy\" decoding=\"async\" width=\"150\" height=\"150\" src=\"https:\/\/www.culturapopolare.it\/wp-content\/uploads\/2011\/11\/031-150x150.jpg\" class=\"attachment-thumbnail size-thumbnail\" alt=\"\" \/><\/a>\n\t\t\t<\/div><\/figure><figure class='gallery-item'>\n\t\t\t<div class='gallery-icon landscape'>\n\t\t\t\t<a href='https:\/\/www.culturapopolare.it\/wp-content\/uploads\/2011\/11\/003.2.jpg'><img loading=\"lazy\" decoding=\"async\" width=\"150\" height=\"150\" src=\"https:\/\/www.culturapopolare.it\/wp-content\/uploads\/2011\/11\/003.2-150x150.jpg\" class=\"attachment-thumbnail size-thumbnail\" alt=\"\" \/><\/a>\n\t\t\t<\/div><\/figure><figure class='gallery-item'>\n\t\t\t<div class='gallery-icon landscape'>\n\t\t\t\t<a href='https:\/\/www.culturapopolare.it\/wp-content\/uploads\/2011\/11\/RIMG0028.-a-pianaccio-22-novembre-2008.jpg'><img loading=\"lazy\" decoding=\"async\" width=\"150\" height=\"150\" src=\"https:\/\/www.culturapopolare.it\/wp-content\/uploads\/2011\/11\/RIMG0028.-a-pianaccio-22-novembre-2008-150x150.jpg\" class=\"attachment-thumbnail size-thumbnail\" alt=\"\" \/><\/a>\n\t\t\t<\/div><\/figure><figure class='gallery-item'>\n\t\t\t<div class='gallery-icon landscape'>\n\t\t\t\t<a href='https:\/\/www.culturapopolare.it\/wp-content\/uploads\/2011\/11\/0412.jpg'><img loading=\"lazy\" decoding=\"async\" width=\"150\" height=\"150\" src=\"https:\/\/www.culturapopolare.it\/wp-content\/uploads\/2011\/11\/0412-150x150.jpg\" class=\"attachment-thumbnail size-thumbnail\" alt=\"\" \/><\/a>\n\t\t\t<\/div><\/figure><figure class='gallery-item'>\n\t\t\t<div class='gallery-icon landscape'>\n\t\t\t\t<a href='https:\/\/www.culturapopolare.it\/wp-content\/uploads\/2011\/11\/001.jpg'><img loading=\"lazy\" decoding=\"async\" width=\"150\" height=\"150\" src=\"https:\/\/www.culturapopolare.it\/wp-content\/uploads\/2011\/11\/001-150x150.jpg\" class=\"attachment-thumbnail size-thumbnail\" alt=\"\" \/><\/a>\n\t\t\t<\/div><\/figure><figure class='gallery-item'>\n\t\t\t<div class='gallery-icon landscape'>\n\t\t\t\t<a href='https:\/\/www.culturapopolare.it\/wp-content\/uploads\/2011\/11\/002.jpg'><img loading=\"lazy\" decoding=\"async\" width=\"150\" height=\"150\" src=\"https:\/\/www.culturapopolare.it\/wp-content\/uploads\/2011\/11\/002-150x150.jpg\" class=\"attachment-thumbnail size-thumbnail\" alt=\"\" \/><\/a>\n\t\t\t<\/div><\/figure><figure class='gallery-item'>\n\t\t\t<div class='gallery-icon landscape'>\n\t\t\t\t<a href='https:\/\/www.culturapopolare.it\/wp-content\/uploads\/2011\/11\/032.jpg'><img loading=\"lazy\" decoding=\"async\" width=\"150\" height=\"150\" src=\"https:\/\/www.culturapopolare.it\/wp-content\/uploads\/2011\/11\/032-150x150.jpg\" class=\"attachment-thumbnail size-thumbnail\" alt=\"\" \/><\/a>\n\t\t\t<\/div><\/figure><figure class='gallery-item'>\n\t\t\t<div class='gallery-icon landscape'>\n\t\t\t\t<a href='https:\/\/www.culturapopolare.it\/wp-content\/uploads\/2011\/11\/014.-a-correggio-presso-istituto-Bellelli.jpg'><img loading=\"lazy\" decoding=\"async\" width=\"150\" height=\"150\" src=\"https:\/\/www.culturapopolare.it\/wp-content\/uploads\/2011\/11\/014.-a-correggio-presso-istituto-Bellelli-150x150.jpg\" class=\"attachment-thumbnail size-thumbnail\" alt=\"\" \/><\/a>\n\t\t\t<\/div><\/figure><figure class='gallery-item'>\n\t\t\t<div class='gallery-icon landscape'>\n\t\t\t\t<a href='https:\/\/www.culturapopolare.it\/wp-content\/uploads\/2011\/11\/034.jpg'><img loading=\"lazy\" decoding=\"async\" width=\"150\" height=\"150\" src=\"https:\/\/www.culturapopolare.it\/wp-content\/uploads\/2011\/11\/034-150x150.jpg\" class=\"attachment-thumbnail size-thumbnail\" alt=\"\" \/><\/a>\n\t\t\t<\/div><\/figure>\n\t\t<\/div>\n\n","protected":false},"excerpt":{"rendered":"<p>Il Centro Studi per la Cultura Popolare \u00e8 un\u2019associazione culturale di studio e ricerca sulle espressioni del sacro. Costituita nel 1986, da una solida azione di studio e presenza in Emilia Romagna, ha allargato le sue ricerche a livello europeo. I suoi membri sono ricercatori attivi dagli anni &#8217;70, con esperienza di ricerca in associazioni &hellip; <a href=\"https:\/\/www.culturapopolare.it\/index.php\/chi-siamo\" class=\"more-link\">Continua a leggere <span class=\"screen-reader-text\">Chi siamo<\/span><\/a><\/p>\n","protected":false},"author":3,"featured_media":0,"parent":0,"menu_order":0,"comment_status":"closed","ping_status":"closed","template":"sidebar-page.php","meta":{"footnotes":""},"class_list":["post-59","page","type-page","status-publish","hentry"],"_links":{"self":[{"href":"https:\/\/www.culturapopolare.it\/index.php\/wp-json\/wp\/v2\/pages\/59","targetHints":{"allow":["GET"]}}],"collection":[{"href":"https:\/\/www.culturapopolare.it\/index.php\/wp-json\/wp\/v2\/pages"}],"about":[{"href":"https:\/\/www.culturapopolare.it\/index.php\/wp-json\/wp\/v2\/types\/page"}],"author":[{"embeddable":true,"href":"https:\/\/www.culturapopolare.it\/index.php\/wp-json\/wp\/v2\/users\/3"}],"replies":[{"embeddable":true,"href":"https:\/\/www.culturapopolare.it\/index.php\/wp-json\/wp\/v2\/comments?post=59"}],"version-history":[{"count":18,"href":"https:\/\/www.culturapopolare.it\/index.php\/wp-json\/wp\/v2\/pages\/59\/revisions"}],"predecessor-version":[{"id":1254,"href":"https:\/\/www.culturapopolare.it\/index.php\/wp-json\/wp\/v2\/pages\/59\/revisions\/1254"}],"wp:attachment":[{"href":"https:\/\/www.culturapopolare.it\/index.php\/wp-json\/wp\/v2\/media?parent=59"}],"curies":[{"name":"wp","href":"https:\/\/api.w.org\/{rel}","templated":true}]}}

<p>Il <em>Centro Studi per la Cultura Popolare</em> è un’associazione culturale di studio e ricerca sulle espressioni del sacro.<br />
Costituita nel 1986, da una solida azione di studio e presenza in Emilia Romagna, ha allargato le sue ricerche a livello europeo.<br />
I suoi membri sono ricercatori attivi dagli anni &#8217;70, con esperienza di ricerca in</p>
<p>associazioni esistenti da tempo e operanti a livello locale, quali <em>Il terzo occhio</em> a Bologna, <em>La Contrada</em> a Milano, <em>Majestas</em> a Modena.</p>
<p style="text-align: justify;"><strong><span style="color: #722d2e;">Oggetto dell’interesse del Centro Studi sono tutte le espressioni e manifestazioni del sacro e della fede cristiana, nelle loro varie espressioni figurative, architettoniche, musicali, rituali, letterarie, sociali.</span> </strong></p>
<p><em>La sezione bolognese del Centro Studi è condotta da Fernando Lanzi e Gioia Arzenton Lanzi.</em></p>
<p>Fernando Lanzi (ingegnere) e Maria Grazia Arzenton Lanzi (dottore in lettere classiche, firma come Gioia Lanzi), coniugi, sono promotori del Centro Studi per la Cultura Popolare, un’associazione culturale di studio e ricerca sulle espressioni del sacro, attiva dal 1976, che riunisce studiosi di diverse discipline è inserita tra i centri culturali di studio e ricerca storica della Arcidiocesi di Bologna.</p>
<p>Oggetto dell&#8217;interesse del Centro Studi sono tutte le espressioni del rapporto col sacro nella fede cristiana, nei loro vari aspetti figurativi, architettonici, urbanistici, musicali, rituali, letterari e sociali.</p>
<p>Il Centro Studi si occupa di: arte sacra, iconologia e iconografia, immagini sacre esterne, santi, santuari, pellegrinaggi, e mete di pellegrinaggio, processioni, sacre rappresentazioni, presepi, tradizioni, feste, liturgia, canti religiosi non liturgici.</p>
<p>Il Centro Studi comunica il risultato dei suoi studi tramite mostre, libri, audiovisivi, conferenze.</p>
<p>Fernando Lanzi e Gioia Arzenton Lanzi hanno al loro attivo più di venti mostre e più di cinquanta pubblicazioni, alcune delle quali tradotte in Francia, Germania, Polonia, Messico, Lituania, Spagna, Slovacchia, U.S.A..</p>
<p>Fernando e Gioia Lanzi hanno svolto lezioni presso la DAPT (Dipartimento Architettura e Pianificazione Territoriale) dell’Università di Bologna.</p>
<p>Fernando Lanzi è membro della Commissione Arte Sacra, della Commissione per la Liturgia e della Commissione Turismo e Pellegrinaggi dell&#8217;Arcidiocesi di Bologna, e direttore del Museo Comunale della Beata Vergine di San Luca.</p>
<p>Gioia Lanzi è stata docente di Arte Sacra presso lo Studio filosofico domenicano di Bologna, affiliato alla Pontificia Università “San Tommaso d’Aqui</p>
<p>no” in Roma; ha insegnato Pietà popolare presso la S.T.A.B di Bologna, ha tenuto corsi di arte sacra e tradizioni popolari presso l’Istituto Superiore di Scienze religiose di Bologna e presso il Seminario Arcivescovile, è stata docente invitata per l&#8217;Arte Sacra alla F.T.E.R. (Facoltà Teologica Emilia Romagna), ed è vice direttore del Museo Comunale della Beata Vergine di San Luca.</p>
<p>Collabora inoltre regolarmente con “Bologna 7”, inserto settimanale di AVVENIRE, con i Bollettino del Santuario della Beata Vergine di San Luca, di cui fa parte della Redazione, e con altre testate.</p>
<p><strong>Le attività principali</strong></p>
<p style="text-align: justify;">Ci occupiamo dell’arte sacra, della pietà popolare, della cultura cristiana in tutte le sue espressioni, e quindi di: storia della chiesa, arte sacra e architettura (con particolare riferimento alle chiese e ai manufatti per il culto e la devozione), iconologia e iconografia, immagini sacre, santi, santuari, pellegrinaggi, e mete di pellegrinaggio, processioni, sacre rappresentazioni, presepi, tradizioni, feste, liturgia, canti religiosi.</p>
<p style="text-align: justify;">La nostra ricerca è multidisciplinare e abbraccia aspetti storici, antropologici</p>
<p style="text-align: justify;">, sociologici, teologici, artistici.<br />
I frutti delle ricerche sono fruibili attraverso libri, mostre fotografiche, CD, audiovisivi, concerti, conferenze, pubblicazioni, consulenze. Il ricchissimo archivio fotografico e la pluriennale esperienza nelle scuole consente di fornire adeguati strumenti per la conoscenza delle storia e delle tradizioni religiose e del contenuto della fede.</p>
<p style="text-align: justify;">In particolare <em>La Contrada</em> si occupa del settore musicale, e propone sia momenti di spettacolo sia momenti di avviamento alla ricerca.</p>
<p>&nbsp;</p>
<div id='gallery-1' class='gallery galleryid-59 gallery-columns-3 gallery-size-thumbnail'><figure class='gallery-item'>
			<div class='gallery-icon landscape'>
				<a href='https://www.culturapopolare.it/wp-content/uploads/2011/11/036.jpg'><img loading="lazy" decoding="async" width="150" height="150" src="https://www.culturapopolare.it/wp-content/uploads/2011/11/036-150x150.jpg" class="attachment-thumbnail size-thumbnail" alt="" /></a>
			</div></figure><figure class='gallery-item'>
			<div class='gallery-icon landscape'>
				<a href='https://www.culturapopolare.it/wp-content/uploads/2011/11/opera.jpg'><img loading="lazy" decoding="async" width="150" height="150" src="https://www.culturapopolare.it/wp-content/uploads/2011/11/opera-150x150.jpg" class="attachment-thumbnail size-thumbnail" alt="" /></a>
			</div></figure><figure class='gallery-item'>
			<div class='gallery-icon landscape'>
				<a href='https://www.culturapopolare.it/wp-content/uploads/2011/11/a-correggio-giornata-di-studi.029-2.jpg'><img loading="lazy" decoding="async" width="150" height="150" src="https://www.culturapopolare.it/wp-content/uploads/2011/11/a-correggio-giornata-di-studi.029-2-150x150.jpg" class="attachment-thumbnail size-thumbnail" alt="" /></a>
			</div></figure><figure class='gallery-item'>
			<div class='gallery-icon landscape'>
				<a href='https://www.culturapopolare.it/wp-content/uploads/2011/11/028.jpg'><img loading="lazy" decoding="async" width="150" height="150" src="https://www.culturapopolare.it/wp-content/uploads/2011/11/028-150x150.jpg" class="attachment-thumbnail size-thumbnail" alt="" /></a>
			</div></figure><figure class='gallery-item'>
			<div class='gallery-icon landscape'>
				<a href='https://www.culturapopolare.it/wp-content/uploads/2011/11/037.jpg'><img loading="lazy" decoding="async" width="150" height="150" src="https://www.culturapopolare.it/wp-content/uploads/2011/11/037-150x150.jpg" class="attachment-thumbnail size-thumbnail" alt="" /></a>
			</div></figure><figure class='gallery-item'>
			<div class='gallery-icon landscape'>
				<a href='https://www.culturapopolare.it/wp-content/uploads/2011/11/035.jpg'><img loading="lazy" decoding="async" width="150" height="150" src="https://www.culturapopolare.it/wp-content/uploads/2011/11/035-150x150.jpg" class="attachment-thumbnail size-thumbnail" alt="" /></a>
			</div></figure><figure class='gallery-item'>
			<div class='gallery-icon landscape'>
				<a href='https://www.culturapopolare.it/wp-content/uploads/2011/11/003.jpg'><img loading="lazy" decoding="async" width="150" height="150" src="https://www.culturapopolare.it/wp-content/uploads/2011/11/003-150x150.jpg" class="attachment-thumbnail size-thumbnail" alt="" /></a>
			</div></figure><figure class='gallery-item'>
			<div class='gallery-icon landscape'>
				<a href='https://www.culturapopolare.it/wp-content/uploads/2011/11/033.jpg'><img loading="lazy" decoding="async" width="150" height="150" src="https://www.culturapopolare.it/wp-content/uploads/2011/11/033-150x150.jpg" class="attachment-thumbnail size-thumbnail" alt="" /></a>
			</div></figure><figure class='gallery-item'>
			<div class='gallery-icon landscape'>
				<a href='https://www.culturapopolare.it/wp-content/uploads/2011/11/031.jpg'><img loading="lazy" decoding="async" width="150" height="150" src="https://www.culturapopolare.it/wp-content/uploads/2011/11/031-150x150.jpg" class="attachment-thumbnail size-thumbnail" alt="" /></a>
			</div></figure><figure class='gallery-item'>
			<div class='gallery-icon landscape'>
				<a href='https://www.culturapopolare.it/wp-content/uploads/2011/11/003.2.jpg'><img loading="lazy" decoding="async" width="150" height="150" src="https://www.culturapopolare.it/wp-content/uploads/2011/11/003.2-150x150.jpg" class="attachment-thumbnail size-thumbnail" alt="" /></a>
			</div></figure><figure class='gallery-item'>
			<div class='gallery-icon landscape'>
				<a href='https://www.culturapopolare.it/wp-content/uploads/2011/11/RIMG0028.-a-pianaccio-22-novembre-2008.jpg'><img loading="lazy" decoding="async" width="150" height="150" src="https://www.culturapopolare.it/wp-content/uploads/2011/11/RIMG0028.-a-pianaccio-22-novembre-2008-150x150.jpg" class="attachment-thumbnail size-thumbnail" alt="" /></a>
			</div></figure><figure class='gallery-item'>
			<div class='gallery-icon landscape'>
				<a href='https://www.culturapopolare.it/wp-content/uploads/2011/11/0412.jpg'><img loading="lazy" decoding="async" width="150" height="150" src="https://www.culturapopolare.it/wp-content/uploads/2011/11/0412-150x150.jpg" class="attachment-thumbnail size-thumbnail" alt="" /></a>
			</div></figure><figure class='gallery-item'>
			<div class='gallery-icon landscape'>
				<a href='https://www.culturapopolare.it/wp-content/uploads/2011/11/001.jpg'><img loading="lazy" decoding="async" width="150" height="150" src="https://www.culturapopolare.it/wp-content/uploads/2011/11/001-150x150.jpg" class="attachment-thumbnail size-thumbnail" alt="" /></a>
			</div></figure><figure class='gallery-item'>
			<div class='gallery-icon landscape'>
				<a href='https://www.culturapopolare.it/wp-content/uploads/2011/11/002.jpg'><img loading="lazy" decoding="async" width="150" height="150" src="https://www.culturapopolare.it/wp-content/uploads/2011/11/002-150x150.jpg" class="attachment-thumbnail size-thumbnail" alt="" /></a>
			</div></figure><figure class='gallery-item'>
			<div class='gallery-icon landscape'>
				<a href='https://www.culturapopolare.it/wp-content/uploads/2011/11/032.jpg'><img loading="lazy" decoding="async" width="150" height="150" src="https://www.culturapopolare.it/wp-content/uploads/2011/11/032-150x150.jpg" class="attachment-thumbnail size-thumbnail" alt="" /></a>
			</div></figure><figure class='gallery-item'>
			<div class='gallery-icon landscape'>
				<a href='https://www.culturapopolare.it/wp-content/uploads/2011/11/014.-a-correggio-presso-istituto-Bellelli.jpg'><img loading="lazy" decoding="async" width="150" height="150" src="https://www.culturapopolare.it/wp-content/uploads/2011/11/014.-a-correggio-presso-istituto-Bellelli-150x150.jpg" class="attachment-thumbnail size-thumbnail" alt="" /></a>
			</div></figure><figure class='gallery-item'>
			<div class='gallery-icon landscape'>
				<a href='https://www.culturapopolare.it/wp-content/uploads/2011/11/034.jpg'><img loading="lazy" decoding="async" width="150" height="150" src="https://www.culturapopolare.it/wp-content/uploads/2011/11/034-150x150.jpg" class="attachment-thumbnail size-thumbnail" alt="" /></a>
			</div></figure>
		</div>

<p>Il Centro Studi per la Cultura Popolare è un’associazione culturale di studio e ricerca sulle espressioni del sacro. Costituita nel 1986, da una solida azione di studio e presenza in Emilia Romagna, ha allargato le sue ricerche a livello europeo. I suoi membri sono ricercatori attivi dagli anni &#8217;70, con esperienza di ricerca in associazioni &hellip; <a href="https://www.culturapopolare.it/index.php/chi-siamo" class="more-link">Continua a leggere <span class="screen-reader-text">Chi siamo</span></a></p>
